*s + 22. Let i be b(-7). Let y(d) = -19 + i + 18*d + 3*d - d. What is the tens digit of y(2)?
2
Let q(u) = 3*u**2 - 3*u - 116. What is the thousands digit of q(-33)?
3
Let t = -243 + 17684. What is the ten thousands digit of t?
1
What is the thousands digit of (29/4 + 7)/(5/(-7400)*-3)?
7
Suppose 3*f - 16 = f. Suppose 4*i + 8 = f*i. Suppose 0 = 3*k - y + i*y - 335, -k - 4*y + 97 = 0. What is the hundreds digit of k?
1
Suppose 0 = 4*p + 3*p - 28. Let x(i) = 2*i**2 - 11*i + 6. Let w be x(p). Let g = 30 - w. What is the units digit of g?
6
Suppose 4*h + 6*p - 12298 - 46470 = 0, 3*p - 2*p = 0. What is the tens digit of h?
9
Let r be (-7 + (-136)/(-40))/(2/(-5)). Suppose r*k - 6*k = 24. Let s = 172 + k. What is the hundreds digit of s?
1
Let b(d) = d**3 + 8*d**2 + d + 12. Let n be b(-8). Let c be 1 + 1/1 + 30. Suppose -n*l = 5*m - 0*m - 198, -3*l = -m + c. What is the units digit of m?
8
Let t = 32620 + -10436. What is the units digit of t?
4
Suppose -401*l + 4649655 = -1638827. What is the ten thousands digit of l?
1
Suppose -2*s - 101*n + 59040 = -99*n, n - 147628 = -5*s. What is the hundreds digit of s?
5
Let v(l) = -l**3 - 18*l**2 - 18*l - 20. Let n be v(-17). What is the tens digit of ((-99)/(-44))/(n/(-36))?
2
Suppose -39*f + 4983999 = 91*f - 2397401. What is the hundreds digit of f?
7
Suppose 4*q - 15478 = -19*x + 17*x, 2*q - 10 = 0. What is the hundreds digit of x?
7
Suppose -a - 10821 = -i, 0 = -264*i + 269*i + 3*a - 54105. What is the thousands digit of i?
0
What is the ten thousands digit of 27862 + 92 - (-2 - 5*-1)?
2
Suppose -4836 = -3*b - 2*x, -5*b = -0*b + 3*x - 8059. Suppose -5*f + 5*y = -b, 3*f - 17*y + 13*y - 966 = 0. What is the tens digit of f?
2
Let h = -297 - -299. Suppose -3*f - p = -127, -h*p - 33 = -58*f + 57*f. What is the units digit of f?
1
Suppose 0 = 16*x + 42 + 6. What is the units digit of (-122)/(x*(-1)/(-3) - 0)?
2
Suppose 0 = -y + s + 6 + 4, 0 = -4*s - 4. Let l = -7 + y. Suppose 2*n + l = 80. What is the units digit of n?
9
Let s be ((-8)/(-2) + -2)/((-6)/(-12)). Suppose 0 = s*p - 3*c + 1, 0 = -5*c - 25. What is the hundreds digit of (2/p)/(15/(-4170))?
1
Suppose 2*r + 777 = 3*r. Suppose 3*q = -39 + r. Suppose 14*i - 17*i = -q. What is the tens digit of i?
8
Let d = -294 + 297. Suppose -d*j = 2*x - 2132, -3*x = 4*j - 2488 - 355. What is the hundreds digit of j?
7
Suppose -5*u - 2*h = 2*h - 9, 2*u = -2*h + 2. Suppose 2*s + 4*b - 1200 = 0, u*s - b = -3*b + 2960. What is the hundreds digit of s?
5
Let a be (-228789)/(-88) + 1 + 21/(-24). Suppose 2*l = -3*l + 25, -5*n = 5*l - 80. Suppose -n*c + a = -c. What is the hundreds digit of c?
2
Let c be (1 - 0)/(-2 - (-153)/75). Let f be ((-82)/5)/(5/c). What is the units digit of f/(-3)*(-7)/((-14)/6)?
2
Let a = 3551 - -5542. What is the thousands digit of a?
9
Let a(s) = 7*s**2 - 6*s - 109. Let d be a(-13). Let t = d + -534. What is the hundreds digit of t?
6
Let k(f) = 19*f**2 - 2*f. Let c be k(-4). Let p = -4096 + 4102. Suppose 3*l = p*l - c. What is the hundreds digit of l?
1
Let b = 5807 - 3261. What is the hundreds digit of b?
5
Let u(f) = -8*f**2 + 17*f**2 + 7*f**2 + 3*f**2 - 4. What is the tens digit of u(-2)?
7
Let k(a) be the second derivative of 31*a**3/3 - 9*a**2 - 66*a. What is the units digit of k(4)?
0
Let p = -20 + 22. What is the units digit of (p*(-4)/8)/(2/(-536))?
8
Let v = 27896 - 12361. What is the tens digit of v?
3
Let v(s) = -4149*s + 1632. What is the units digit of v(-20)?
2
Suppose 0 = -2*y - 4*p - 8, 3*p + 1 + 3 = -2*y. Let d = 303 - 275. Suppose d = y*o - 384. What is the hundreds digit of o?
1
What is the tens digit of (((-66)/(-9))/2 - -1)*1257?
6
Suppose -4*s + 2015 = 13519. Let b = s + 4542. What is the tens digit of b?
6
Suppose -984 = -2*q - 4*h, 0 = -h + 3 - 4. Suppose 82 = 3*m - q. What is the hundreds digit of m?
1
Let x = 458 + -463. What is the tens digit of 374 - (-3 - -4) - x?
7
Let g be 22 + (-2)/(-2) + -1. Let l(c) = -c**3 + 23*c**2 - 23*c - 31. Let n be l(g). Let d = 62 + n. What is the units digit of d?
9
Let b = -557 + 561. What is the units digit of (-17)/((-102)/5196) + b?
0
Suppose 5*c + 4*k = 8*k + 64, 0 = -4*k - 4. Suppose -9*r = -c*r + 5253. What is the thousands digit of r?
1
Let v = -55799 - -101706. What is the hundreds digit of v?
9
Suppose 150072*f = 150083*f - 927509. What is the units digit of f?
9
Let h be 1 - 7 - (2 - 10). Suppose h*x + 4*r = 688, -2*x = r + 27 - 712. What is the hundreds digit of x?
3
Suppose -16*l - 1022 = -14*l + 5*j, 4*l + 2064 = -5*j. Let t = l - -971. What is the units digit of t?
0
Let w(a) = 0*a**3 + 14 + 6*a**3 - 6*a**2 - 5*a**2 - 10 - a. What is the units digit of w(6)?
8
Suppose -k + 2*z = 763, -196 = -k - z - 968. Let x = -332 - k. What is the units digit of x?
7
Suppose -3*y + p = -3417, -11*p + 5695 = 5*y - 15*p. What is the thousands digit of y?
1
Suppose -5 = -3*p + 3*y + 1, -3*y - 4 = -4*p. What is the tens digit of p*1852/(-2) + (-107)/(-107)?
5
Suppose 94298 + 43502 = 104*z. What is the thousands digit of z?
1
Let k = 11689 + -10777. Let m(q) = q**2 + q + 4. Let l be m(0). Suppose 0 = -l*y + k - 192. What is the tens digit of y?
8
Let w(c) = c**3 + 7*c**2 - c - 4. Suppose -21*d - 12 = 114. Let k be d + 1/3 + 14/(-42). What is the units digit of w(k)?
8
Suppose -937 = -6*s - 283. Suppose -66 = -5*q + s. Suppose q*g - 33*g = 184. What is the units digit of g?
2
What is the ten thousands digit of (0 - 66/165)/((-2)/282530)?
5
Suppose -92*u + 389811 + 30077 = 0. What is the thousands digit of u?
4
What is the hundreds digit of (-11472)/(-80)*(-5)/(-3)?
2
Suppose 2*c + 5*n = -248, 15*n = c + 16*n + 130. Let r = c + 512. What is the units digit of r?
8
Suppose -2*b + 3*m - 4 = -0, -3*m + 8 = -b. Suppose -436 = -2*y + b*j, -3*j + 839 = -0*y + 4*y. Suppose 0 = p + 3*p - y. What is the units digit of p?
3
Let y = 2767 + -370. Let t = y + -1598. What is the hundreds digit of t?
7
Let x(s) = 526 + 122*s - 1078 + 531. What is the hundreds digit of x(8)?
9
Suppose -42*c = 1678 - 149602. Let g = c - 2112. What is the tens digit of g?
1
Let h = -49935 - -99558. What is the thousands digit of h?
9
Suppose -197 = -2*i + n + 311, 5*n + 236 = i. Let t = 649 - i. What is the units digit of t?
3
Suppose -4*v + 1182 = 2*n + 3*n, 4*v - 12 = 0. Suppose -18*f - 363 = -51*f. Suppose -n - 151 = -f*s. What is the units digit of s?
5
Let o = -718 - -2680. Let r = o - 1347. What is the tens digit of r?
1
Suppose 0 = -27*n + 242 - 53. Suppose 2*x - n*x = -4*u + 6614, 6 = 3*x. What is the units digit of u?
6
Suppose 84462 = 4*s - 5*l, 8*s - 90626 = -3*l + 78376. What is the hundreds digit of s?
1
Let a = 6003 - -16619. What is the ten thousands digit of a?
2
Let s = -91 - -97. Suppose 2*j + 4*o + o = 89, 2*o = s. Suppose 125 - j = z. What is the tens digit of z?
8
Suppose -3*g = 9*g - 1344. Let j = 155 - g. What is the tens digit of j?
4
Suppose 8*l + 31 = 23. Let q(m) = 73*m**2 - 3*m. What is the units digit of q(l)?
6
Let s(f) = -28*f + 5*f - 12*f + 6. Let r be s(-6). Suppose -7*n + 4*n + r = 0. What is the units digit of n?
2
Let l(t) = 2*t**2 + 32539*t - 1 + 2*t**2 - 32541*t. Let v = 9 + -13. What is the tens digit of l(v)?
7
Let y(h) = 18*h**2 + 5*h - 5. Let o(x) = -x - 8. Let p be o(-11). Let w be y(p). Suppose 14 = 2*g - w. What is the tens digit of g?
9
Let v = 215 - 215. Suppose v = -7*g + 2510 + 4588. What is the thousands digit of g?
1
Let a = 4042 + 22036. What is the thousands digit of a?
6
Suppose 20*i + 9 - 49 = 0. Suppose -847 = -3*r - i*l, r + 3*l = 7*l + 287. What is the units digit of r?
3
Let r(l) = -l**3 + 3*l**2 + l + 1. Let v be r(3). Suppose v*s = 3*c + 452, -2*c = -0*c + 8. What is the tens digit of s?
1
Suppose -115710 - 6542 = -52*c. What is the units digit of c?
1
Let m(y) = y**2 + 7*y. Let k be m(-5). What is the tens digit of 6/k + 31836/210?
5
Suppose 292*x + 80998 = 1808178. What is the tens digit of x?
1
Let x(f) = -28*f**2 - 9*f - 44. Let c be x(-7). Let m = -332 - c. What is the thousands digit of m?
1
Suppose -p - 501 = 4*a + 1225, 2*p + 428 = -a. What is the units digit of 2/(-3) - 18/(a/23320)?
1
Let t = -22898 - -23375. What is the hundreds digit of t?
4
Suppose -m = -2*m + 3. Let v be 7/21 + 71/m. Suppose 22*k + 144 = v*k. What is the tens digit of k?
7
Suppose -3*